rime factors of 882900.
2, 3, 5, 109
What are the prime factors of 838780?
2, 5, 17, 2467
What are the prime factors of 599235?
3, 5, 7, 13, 439
What are the prime factors of 6139200?
2, 3, 5, 1279
List the prime factors of 59017.
7, 8431
What are the prime factors of 8674779?
3, 367, 7879
List the prime factors of 842208.
2, 3, 31, 283
List the prime factors of 760629.
3, 253543
List the prime factors of 5949552.
2, 3, 7, 17707
List the prime factors of 1405881.
3, 31, 5039
List the prime factors of 673309.
7, 13, 151
What are the prime factors of 174549?
3, 83, 701
What are the prime factors of 6360560?
2, 5, 43
List the prime factors of 448668.
2, 3, 11, 103
What are the prime factors of 729994?
2, 364997
What are the prime factors of 17613241?
17, 1036073
List the prime factors of 90709.
90709
What are the prime factors of 13139700?
2, 3, 5, 7, 6257
What are the prime factors of 970555?
5, 389, 499
What are the prime factors of 53307?
3, 5923
List the prime factors of 311806.
2, 11, 14173
List the prime factors of 20961890.
2, 5, 31, 67619
List the prime factors of 13852733.
47, 359, 821
What are the prime factors of 9783247?
9783247
List the prime factors of 29739186.
2, 3, 41, 59, 683
List the prime factors of 190085.
5, 7, 5431
List the prime factors of 527641.
79, 6679
List the prime factors of 237395.
5, 79, 601
List the prime factors of 133522.
2, 101, 661
What are the prime factors of 1025199?
3, 7, 16273
List the prime factors of 1788341.
1788341
List the prime factors of 6316927.
23, 269, 1021
What are the prime factors of 14000400?
2, 3, 5, 3889
What are the prime factors of 24057736?
2, 31, 97007
List the prime factors of 319925.
5, 67, 191
What are the prime factors of 15988285?
5, 3197657
List the prime factors of 15294952.
2, 53, 36073
What are the prime factors of 866945?
5, 41, 4229
What are the prime factors of 666338?
2, 211, 1579
List the prime factors of 28617109.
28617109
What are the prime factors of 139818?
2, 3, 7, 3329
List the prime factors of 75754.
2, 7, 773
What are the prime factors of 67532?
2, 16883
What are the prime factors of 954287?
954287
What are the prime factors of 4211575?
5, 168463
List the prime factors of 376275.
3, 5, 29, 173
What are the prime factors of 20087928?
2, 3, 7, 39857
What are the prime factors of 869853?
3, 289951
What are the prime factors of 91804?
2, 59, 389
What are the prime factors of 8459618?
2, 4229809
What are the prime factors of 240511?
23, 10457
List the prime factors of 2153194.
2, 19, 56663
What are the prime factors of 7530734?
2, 3765367
List the prime factors of 122287.
11, 11117
What are the prime factors of 1706663?
7, 243809
List the prime factors of 9867282.
2, 3, 1644547
What are the prime factors of 2324062?
2, 13, 89387
List the prime factors of 13637.
13, 1049
What are the prime factors of 2136151?
19, 112429
What are the prime factors of 17711781?
3, 19, 310733
What are the prime factors of 14211371?
17, 43, 19441
List the prime factors of 165436.
2, 59, 701
What are the prime factors of 546941?
17, 32173
List the prime factors of 1597776.
2, 3, 33287
What are the prime factors of 2630353?
11, 43, 67, 83
What are the prime factors of 75030?
2, 3, 5, 41, 61
What are the prime factors of 5470905?
3, 5, 11, 71, 467
List the prime factors of 3687.
3, 1229
List the prime factors of 143317.
19, 397
What are the prime factors of 300872?
2, 11, 13, 263
List the prime factors of 119109.
3, 39703
List the prime factors of 1500425.
5, 60017
List the prime factors of 3758999.
3758999
What are the prime factors of 584743?
547, 1069
List the prime factors of 1031523.
3, 37, 9293
What are the prime factors of 507814?
2, 253907
What are the prime factors of 1445499?
3, 11, 31, 157
List the prime factors of 270904.
2, 33863
What are the prime factors of 33977955?
3, 5, 11, 43, 4789
List the prime factors of 528435.
3, 5, 11743
What are the prime factors of 2564345?
5, 7, 41, 1787
List the prime factors of 4027140.
2, 3, 5, 13, 1721
List the prime factors of 6246185.
5, 11, 113567
List the prime factors of 839968.
2, 26249
List the prime factors of 153729.
3, 19, 29, 31
List the prime factors of 830354.
2, 7, 37, 229
What are the prime factors of 3815210?
2, 5, 7, 54503
List the prime factors of 230.
2, 5, 23
List the prime factors of 662193.
3, 7, 23, 457
List the prime factors of 8963175.
3, 5, 13, 29, 317
What are the prime factors of 19928013?
3, 7, 139, 6827
List the prime factors of 6227355.
3, 5, 17, 24421
What are the prime factors of 469098?
2, 3, 7, 17, 73
List the prime factors of 1063301.
509, 2089
List the prime factors of 2333397.
3, 11, 70709
What are the prime factors of 38141?
43, 887
List the prime factors of 1140057.
3, 19, 59, 113
List the prime factors of 583822.
2, 83, 3517
List the prime factors of 207662.
2, 7, 13, 163
What are the prime factors of 495656?
2, 7, 53, 167
What are the prime factors of 126166?
2, 199, 317
What are the prime factors of 216196?
2, 54049
List the prime factors of 1839832.
2, 229979
List the prime factors of 11149002.
2, 3, 68821
List the prime factors of 1630397.
211, 7727
List the prime factors of 191368.
2, 19, 1259
List the prime factors of 1060259.
79, 13421
What are the prime factors of 1457324?
2, 11, 3011
List the prime factors of 14445841.
14445841
List the prime factors of 4062661.
61, 66601
List the prime factors of 343785.
3, 5, 13, 41, 43
List the prime factors of 458495.
5, 107, 857
What are the prime factors of 1739287?
11, 17, 71, 131
List the prime factors of 2676834.
2, 3, 19, 2609
What are the prime factors of 24003?
3, 7, 127
List the prime factors of 2065327.
11, 359, 523
What are the prime factors of 281112?
2, 3, 13, 17, 53
What are the prime factors of 516160?
2, 5, 1613
What are the prime factors of 13111093?
13111093
What are the prime factors of 170221?
17, 19, 31
List the prime factors of 389839.
389839
What are the prime factors of 23634275?
5, 7, 29, 4657
What are the prime factors of 281669?
281669
List the prime factors of 6613754.
2, 7, 472411
List the prime factors of 1481240.
2, 5, 19, 1949
What are the prime factors of 313127?
313127
List the prime factors of 235444.
2, 11, 5351
List the prime factors of 2510109.
3, 7, 19, 233
What are the prime factors of 317631?
3, 239, 443
What are the prime factors of 4586610?
2, 3, 5, 7, 21841
List the prime factors of 5315510.
2, 5, 531551
What are the prime factors of 227372?
2, 56843
List the prime factors of 9147307.
13, 23, 30593
List the prime factors of 268366.
2, 7, 29, 661
List the prime factors of 121717.
59, 2063
What are the prime factors of 39069?
3, 1447
What are the prime factors of 3160540?
2, 5, 37, 4271
List the prime factors of 2153305.
5, 7, 11, 17, 47
What are the prime factors of 127652?
2, 7, 47, 97
What are the prime factors of 402310?
2, 5, 40231
List the prime factors of 357282.
2, 3, 23, 863
List the prime factors of 3394568.
2, 211, 2011
List the prime factors of 4661972.
2, 7, 167, 997
What are the prime factors of 10043620?
2, 5, 502181
What are the prime factors of 925340?
2, 5, 13, 3559
List the prime factors of 1212878.
2, 457, 1327
List the prime factors of 21048796.
2, 151, 34849
What are the prime factors of 306891?
3, 13, 43, 61
List the prime factors of 207798.
2, 3, 59, 587
List the prime factors of 78445.
5, 29, 541
List the prime factors of 1254206.
2, 151, 4153
List the prime factors of 268797.
3, 89599
What are the prime factors of 65261?
7, 9323
List the prime factors of 306235.
5, 73, 839
List the prime factors of 3053596.
2, 7, 13, 8389
List the prime factors of 197827.
7, 59, 479
What are the prime factors of 6254?
2, 53, 59
What are the prime factors of 212110?
2, 5, 21211
What are the prime factors of 18516107?
1637, 11311
List the prime factors of 12991163.
12991163
List the prime factors of 1458586.
2, 729293
What are the prime factors of 5628168?
2, 3, 7, 13, 859
List the prime factors of 7418725.
5, 296749
List the prime factors of 342434.
2, 131, 1307
List the prime factors of 2172601.
193, 11257
What are the prime factors of 10876242?
2, 3, 13, 139439
What are the prime factors of 13673276?
2, 37, 92387
What are the prime factors of 1517067?
3, 59, 2857
What are the prime factors of 3164816?
